{"id":32,"date":"2024-11-06T17:55:51","date_gmt":"2024-11-06T17:55:51","guid":{"rendered":"https:\/\/solredmansis.com.mx\/?page_id=32"},"modified":"2024-11-08T17:49:49","modified_gmt":"2024-11-08T17:49:49","slug":"inicio","status":"publish","type":"page","link":"https:\/\/solredmansis.com.mx\/","title":{"rendered":"Inicio"},"content":{"rendered":"\n<div class=\"wp-block-stackable-columns alignwide stk-block-columns stk-block stk-7582e52\" data-block-id=\"7582e52\"><div class=\"stk-row stk-inner-blocks stk-block-content stk-content-align stk-7582e52-column alignwide\">\n<div class=\"wp-block-stackable-column stk-block-column stk-column stk-block stk-b09291e\" data-v=\"4\" data-block-id=\"b09291e\"><div class=\"stk-column-wrapper stk-block-column__content stk-container stk-b09291e-container stk--no-background stk--no-padding\"><div class=\"stk-block-content stk-inner-blocks stk-b09291e-inner-blocks\">\n<div class=\"wp-block-stackable-columns alignfull stk-block-columns stk-block stk-dd476c8\" data-block-id=\"dd476c8\"><style>.stk-dd476c8 {margin-bottom:20px !important;}.stk-dd476c8-column{--stk-columns-spacing:12px !important;--stk-column-gap:38px !important;row-gap:0px !important;}<\/style><div class=\"stk-row stk-inner-blocks stk-block-content stk-content-align stk-dd476c8-column alignfull\">\n<div class=\"wp-block-stackable-column stk-block-column stk-column stk-block stk-4222012\" data-v=\"4\" data-block-id=\"4222012\"><div class=\"stk-column-wrapper stk-block-column__content stk-container stk-4222012-container stk--no-background stk--no-padding\"><div class=\"stk-block-content stk-inner-blocks stk-4222012-inner-blocks\">\n<div class=\"wp-block-stackable-image stk-block-image stk-block stk-d311435\" data-block-id=\"d311435\"><style>.stk-d311435 .stk-img-wrapper{width:100% !important;height:321px !important;}<\/style><figure><span class=\"stk-img-wrapper stk-image--shape-stretch\"><img loading=\"lazy\" decoding=\"async\" class=\"stk-img wp-image-70\" src=\"https:\/\/solredmansis.com.mx\/wp-content\/uploads\/2024\/11\/redes-y-telecomunicaciones-peq.png\" width=\"1140\" height=\"671\" srcset=\"https:\/\/solredmansis.com.mx\/wp-content\/uploads\/2024\/11\/redes-y-telecomunicaciones-peq.png 1140w, https:\/\/solredmansis.com.mx\/wp-content\/uploads\/2024\/11\/redes-y-telecomunicaciones-peq-600x353.png 600w, https:\/\/solredmansis.com.mx\/wp-content\/uploads\/2024\/11\/redes-y-telecomunicaciones-peq-300x177.png 300w, https:\/\/solredmansis.com.mx\/wp-content\/uploads\/2024\/11\/redes-y-telecomunicaciones-peq-1024x603.png 1024w, https:\/\/solredmansis.com.mx\/wp-content\/uploads\/2024\/11\/redes-y-telecomunicaciones-peq-768x452.png 768w\" sizes=\"auto, (max-width: 1140px) 100vw, 1140px\" \/><\/span><\/figure><\/div>\n\n\n\n<p><\/p>\n\n\n\n<p style=\"line-height:0\"><em>&#8211;<strong>Servicios Multivendor<\/strong><\/em><\/p>\n\n\n\n<p style=\"line-height:0\"><em>&#8211;<strong>Proyectos Especiales de Soporte T\u00e9cnico<\/strong><\/em><\/p>\n\n\n\n<p style=\"line-height:0\"><em><strong>-Cableado Estructurado \/ Sistemas de Transporte de la Informaci\u00f3n<\/strong><\/em><\/p>\n\n\n\n<p style=\"line-height:0\"><em><strong>-Personal Especializado en T.I.C. en Sitio<\/strong><\/em><\/p>\n\n\n\n<p style=\"line-height:0\"><em><strong>-Desarrollo de Aplicaciones<\/strong><\/em><\/p>\n\n\n\n<p style=\"line-height:0\"><em><strong>-Otros Servicios<\/strong><\/em><\/p>\n<\/div><\/div><\/div>\n\n\n\n<div class=\"wp-block-stackable-column stk-block-column stk-column stk-block stk-f9be323\" data-v=\"4\" data-block-id=\"f9be323\"><style>.stk-f9be323 {align-self:flex-start !important;}.stk-f9be323-inner-blocks{row-gap:0px !important;justify-content:center !important;}.stk-f9be323-container{display:flex !important;}<\/style><div class=\"stk-column-wrapper stk-block-column__content stk-container stk-f9be323-container stk--no-background stk--no-padding\"><div class=\"stk-block-content stk-inner-blocks stk-f9be323-inner-blocks\">\n<div class=\"wp-block-stackable-heading stk-block-heading stk-block-heading--v2 stk-block stk-067e4ed\" id=\"em-soluciones-en-redes-y-mantenimiento-em\" data-block-id=\"067e4ed\"><h4 class=\"stk-block-heading__text\"><em>Soluciones en Redes y Mantenimiento<\/em><\/h4><\/div>\n\n\n\n<div class=\"wp-block-stackable-text stk-block-text stk-block stk-a8c420f\" data-block-id=\"a8c420f\"><p class=\"stk-block-text__text\"><em>En la b\u00fasqueda de satisfacer el manejo de informaci\u00f3n con rapidez, exactitud y seguridad, las Tecnolog\u00edas de Informaci\u00f3n han desarrollado una gran variedad de alternativas, que permiten al usuario aplicar la inform\u00e1tica en la mayor\u00eda de sus actividades, haci\u00e9ndolas m\u00e1s eficientes. Por lo que nuestro objetivo es dar soluciones reales y efectivas, apegadas a la estructura particular de cada uno de nuestros clientes, cubriendo sus demandas de manera integral y en el menor tiempo posible.<\/em><\/p><\/div>\n\n\n\n<p><em>Desde nuestros inicios, hemos enfocado nuestro esfuerzo en el factor m\u00e1s importante: la satisfacci\u00f3n total del cliente, ofreciendo productos y servicios de probada calidad , que avalan la experiencia y conocimiento adquirido al ofrecer soluciones viables y productivas en servicios como:<\/em><\/p>\n<\/div><\/div><\/div>\n<\/div><\/div>\n\n\n\n<div class=\"wp-block-stackable-columns stk-block-columns stk-block stk-d833b3d\" data-block-id=\"d833b3d\"><div class=\"stk-row stk-inner-blocks stk-block-content stk-content-align stk-d833b3d-column\">\n<div class=\"wp-block-stackable-column stk-block-column stk-column stk-block stk-8ece5dc\" data-v=\"4\" data-block-id=\"8ece5dc\"><style>@media screen and (min-width:690px){.stk-8ece5dc {flex:var(--stk-flex-grow, 1) 1 calc(28.467000000000013% - var(--stk-column-gap, 0px) * 2 \/ 3 ) !important;}}<\/style><div class=\"stk-column-wrapper stk-block-column__content stk-container stk-8ece5dc-container stk--no-background stk--no-padding\"><div class=\"stk-block-content stk-inner-blocks stk-8ece5dc-inner-blocks\">\n<div class=\"wp-block-stackable-heading stk-block-heading stk-block-heading--v2 stk-block stk-aadb2ee\" id=\"misio\" data-block-id=\"aadb2ee\"><style>.stk-aadb2ee {margin-bottom:16px !important;}<\/style><h5 class=\"stk-block-heading__text has-text-align-center\"><em>Misi\u00f3n<\/em><\/h5><\/div>\n\n\n\n<div class=\"wp-block-stackable-text stk-block-text stk-block stk-6962e5d\" data-block-id=\"6962e5d\"><p class=\"stk-block-text__text\"><em>Suministrar, Desarrollar Productos y Servicios de T.I.C. que brinden soluciones integrales y efectivas a las necesidades de nuestros clientes.<\/em><\/p><\/div>\n<\/div><\/div><\/div>\n\n\n\n<div class=\"wp-block-stackable-column stk-block-column stk-column stk-block stk-49bd31c\" data-v=\"4\" data-block-id=\"49bd31c\"><style>@media screen and (min-width:690px){.stk-49bd31c {flex:var(--stk-flex-grow, 1) 1 calc(38.2% - var(--stk-column-gap, 0px) * 2 \/ 3 ) !important;}}<\/style><div class=\"stk-column-wrapper stk-block-column__content stk-container stk-49bd31c-container stk--no-background stk--no-padding\"><div class=\"stk-block-content stk-inner-blocks stk-49bd31c-inner-blocks\">\n<div class=\"wp-block-stackable-heading stk-block-heading stk-block-heading--v2 stk-block stk-d692cb9\" id=\"vision\" data-block-id=\"d692cb9\"><style>.stk-d692cb9 {margin-bottom:16px !important;}<\/style><h5 class=\"stk-block-heading__text has-text-align-center\">Visi\u00f3n<\/h5><\/div>\n\n\n\n<div class=\"wp-block-stackable-text stk-block-text stk-block stk-a560ebb\" data-block-id=\"a560ebb\"><p class=\"stk-block-text__text\"><em>Ser l\u00edder en soluciones de T.I.C. a nivel Nacional y Am\u00e9rica Latina, basados en nuestro capital humano altamente calificado.<\/em><\/p><\/div>\n<\/div><\/div><\/div>\n\n\n\n<div class=\"wp-block-stackable-column stk-block-column stk-column stk-block stk-f837749\" data-v=\"4\" data-block-id=\"f837749\"><style>@media screen and (min-width:690px){.stk-f837749 {flex:var(--stk-flex-grow, 1) 1 calc(33.333% - var(--stk-column-gap, 0px) * 2 \/ 3 ) !important;}}<\/style><div class=\"stk-column-wrapper stk-block-column__content stk-container stk-f837749-container stk--no-background stk--no-padding\"><div class=\"stk-block-content stk-inner-blocks stk-f837749-inner-blocks\">\n<div class=\"wp-block-stackable-heading stk-block-heading stk-block-heading--v2 stk-block stk-9fab0c7\" id=\"valores\" data-block-id=\"9fab0c7\"><style>.stk-9fab0c7 {margin-bottom:16px !important;}<\/style><h5 class=\"stk-block-heading__text has-text-align-center\">Valores<\/h5><\/div>\n\n\n\n<div class=\"wp-block-stackable-text stk-block-text stk-block stk-20a286f\" data-block-id=\"20a286f\"><p class=\"stk-block-text__text\"><em>Confianza, Calidad, Honestidad, Trabajo en Equipo<br><\/em><\/p><\/div>\n<\/div><\/div><\/div>\n<\/div><\/div>\n<\/div><\/div><\/div>\n<\/div><\/div>\n","protected":false},"excerpt":{"rendered":"<p>&#8211;Servicios Multivendor &#8211;Proyectos Especiales de Soporte T\u00e9cnico -Cableado Estructurado \/ Sistemas de Transporte de la Informaci\u00f3n -Personal Especializado en T.I.C. en Sitio -Desarrollo de Aplicaciones -Otros Servicios Soluciones en Redes y Mantenimiento En la b\u00fasqueda de satisfacer el manejo de informaci\u00f3n con rapidez, exactitud y seguridad, las Tecnolog\u00edas de Informaci\u00f3n han desarrollado una gran variedad [&hellip;]<\/p>\n","protected":false},"author":1,"featured_media":0,"parent":0,"menu_order":0,"comment_status":"closed","ping_status":"closed","template":"","meta":{"footnotes":""},"class_list":["post-32","page","type-page","status-publish","hentry"],"blocksy_meta":{"disable_header":"no","styles_descriptor":{"styles":{"desktop":"[data-prefix=\"single_page\"] [class*=\"ct-container\"] > article[class*=\"post\"] {--has-boxed:var(--true);--has-wide:var(--false);background-color:var(--has-background, var(--theme-palette-color-8));--theme-boxed-content-border-radius:3em;--theme-boxed-content-spacing:40px;--theme-boxed-content-box-shadow:0px 12px 18px -6px rgba(34, 56, 101, 0.04);}","tablet":"[data-prefix=\"single_page\"] [class*=\"ct-container\"] > article[class*=\"post\"] {--theme-boxed-content-spacing:35px;}","mobile":"[data-prefix=\"single_page\"] [class*=\"ct-container\"] > article[class*=\"post\"] {--theme-boxed-content-spacing:20px;}"},"google_fonts":[],"version":6},"has_hero_section":"disabled","content_style_source":"custom","vertical_spacing_source":"custom","page_structure_type":"default","content_area_spacing":"none","content_style":"boxed","content_boxed_radius":{"state":1,"values":[{"value":"3","unit":"em"},{"value":"3","unit":"em"},{"value":"3","unit":"em"},{"value":"3","unit":"em"}],"custom":""}},"_links":{"self":[{"href":"https:\/\/solredmansis.com.mx\/index.php\/wp-json\/wp\/v2\/pages\/32","targetHints":{"allow":["GET"]}}],"collection":[{"href":"https:\/\/solredmansis.com.mx\/index.php\/wp-json\/wp\/v2\/pages"}],"about":[{"href":"https:\/\/solredmansis.com.mx\/index.php\/wp-json\/wp\/v2\/types\/page"}],"author":[{"embeddable":true,"href":"https:\/\/solredmansis.com.mx\/index.php\/wp-json\/wp\/v2\/users\/1"}],"replies":[{"embeddable":true,"href":"https:\/\/solredmansis.com.mx\/index.php\/wp-json\/wp\/v2\/comments?post=32"}],"version-history":[{"count":20,"href":"https:\/\/solredmansis.com.mx\/index.php\/wp-json\/wp\/v2\/pages\/32\/revisions"}],"predecessor-version":[{"id":130,"href":"https:\/\/solredmansis.com.mx\/index.php\/wp-json\/wp\/v2\/pages\/32\/revisions\/130"}],"wp:attachment":[{"href":"https:\/\/solredmansis.com.mx\/index.php\/wp-json\/wp\/v2\/media?parent=32"}],"curies":[{"name":"wp","href":"https:\/\/api.w.org\/{rel}","templated":true}]}}